he hundred thousands digit of 146436?
1
What is the hundreds digit of 12842?
8
What is the tens digit of 3971?
7
What is the tens digit of 61?
6
What is the ten thousands digit of 91827?
9
What is the thousands digit of 38310?
8
What is the thousands digit of 2452?
2
What is the thousands digit of 115839?
5
What is the thousands digit of 5147?
5
What is the ten thousands digit of 18401?
1
What is the units digit of 366?
6
What is the ten thousands digit of 28032?
2
What is the units digit of 9032?
2
What is the tens digit of 2750?
5
What is the units digit of 1908?
8
What is the hundreds digit of 2414?
4
What is the tens digit of 56420?
2
What is the units digit of 31?
1
What is the tens digit of 186134?
3
What is the units digit of 178?
8
What is the tens digit of 9566?
6
What is the thousands digit of 36628?
6
What is the hundreds digit of 1815?
8
What is the thousands digit of 15854?
5
What is the tens digit of 1434?
3
What is the tens digit of 4228?
2
What is the thousands digit of 79414?
9
What is the hundreds digit of 569?
5
What is the units digit of 418?
8
What is the units digit of 63279?
9
What is the hundreds digit of 3293?
2
What is the thousands digit of 60761?
0
What is the thousands digit of 3412?
3
What is the thousands digit of 8584?
8
What is the tens digit of 77822?
2
What is the units digit of 1266?
6
What is the ten thousands digit of 73182?
7
What is the thousands digit of 23012?
3
What is the thousands digit of 52004?
2
What is the hundreds digit of 51006?
0
What is the tens digit of 33976?
7
What is the thousands digit of 4351?
4
What is the ten thousands digit of 20957?
2
What is the hundreds digit of 2471?
4
What is the thousands digit of 2482?
2
What is the tens digit of 1890?
9
What is the ten thousands digit of 41741?
4
What is the tens digit of 120407?
0
What is the tens digit of 32289?
8
What is the hundreds digit of 12198?
1
What is the thousands digit of 1240?
1
What is the units digit of 1124?
4
What is the tens digit of 17148?
4
What is the units digit of 942?
2
What is the hundreds digit of 3934?
9
What is the tens digit of 6651?
5
What is the units digit of 692?
2
What is the tens digit of 1548?
4
What is the hundreds digit of 309?
3
What is the thousands digit of 5666?
5
What is the hundreds digit of 12350?
3
What is the units digit of 7?
7
What is the units digit of 46664?
4
What is the thousands digit of 33133?
3
What is the tens digit of 441?
4
What is the tens digit of 27551?
5
What is the hundreds digit of 1103?
1
What is the tens digit of 4203?
0
What is the thousands digit of 19943?
9
What is the units digit of 254?
4
What is the units digit of 74?
4
What is the thousands digit of 44726?
4
What is the thousands digit of 38284?
8
What is the hundreds digit of 18185?
1
What is the units digit of 5439?
9
What is the units digit of 4936?
6
What is the ten thousands digit of 21722?
2
What is the hundreds digit of 12869?
8
What is the units digit of 12910?
0
What is the units digit of 9500?
0
What is the tens digit of 2256?
5
What is the thousands digit of 6483?
6
What is the tens digit of 1705?
0
What is the thousands digit of 1855?
1
What is the hundreds digit of 230?
2
What is the ten thousands digit of 25849?
2
What is the units digit of 18?
8
What is the hundreds digit of 2680?
6
What is the hundreds digit of 3132?
1
What is the units digit of 490?
0
What is the hundreds digit of 19388?
3
What is the hundreds digit of 699?
6
What is the thousands digit of 1432?
1
What is the thousands digit of 6628?
6
What is the ten thousands digit of 19467?
1
What is the ten thousands digit of 27875?
2
What is the ten thousands digit of 11463?
1
What is the units digit of 3757?
7
What is the hundreds digit of 46212?
2
What is the tens digit of 2226?
2
What is the thousands digit of 1499?
1
What is the units digit of 40942?
2
What is the hundreds digit of 6303?
3
What is the hundreds digit of 1875?
8
What is the thousands digit of 15803?
5
What is the ten thousands digit of 15227?
1
What is the thousands digit of 5730?
5
What is the hundreds digit of 8370?
3
What is the tens digit of 265?
6
What is the thousands digit of 11054?
1
What is the tens digit of 778?
7
What is the tens digit of 9362?
6
What is the units digit of 781?
1
What is the ten thousands digit of 61310?
6
What is the hundreds digit of 47069?
0
What is the units digit of 10912?
2
What is the hundreds digit of 17840?
8
What is the hundred thousands digit of 110108?
1
What is the hundreds digit of 478?
4
What is the hundreds digit of 739?
7
What is the hundreds digit of 27112?
1
What is the tens digit of 3346?
4
What is the thousands digit of 109946?
9
What is the tens digit of 96687?
8
What is the hundreds digit of 7803?
8
What is the units digit of 1849?
9
What is the units digit of 31919?
9
What is the tens digit of 1181?
8
What is the units digit of 132565?
5
What is the units digit of 5846?
6
What is the units digit of 131?
1
What is the thousands digit of 7751?
7
What is the ten thousands digit of 76366?
7
What is the hundreds digit of 692?
6
What is the thousands digit of 5567?
5
What is the thousands digit of 5427?
5
What is the thousands digit of 22806?
2
What is the tens digit of 1213?
1
What is the hundreds digit of 1035?
0
What is the ten thousands digit of 69399?
6
What is the hundreds digit of 1286?
2
What is the units digit of 28431?
1
What is the tens digit of 5289?
8
What is the hundreds digit of 3025?
0
What is the units digit of 5559?
9
What is the units digit of 12904?
4
What is the hundreds digit of 16103?
1
What is the thousands digit of 16467?
6
What is the hundreds digit of 2930?
9
What is the units digit of 22861?
1
What is the tens digit of 15794?
9
What is the tens digit of 14561?
6
What is the units digit of 3109?
9
What is the ten thousands digit of 73174?
7
What is the units digit of 21397?
7
What is the thousands digit of 1895?
1
What is the hundreds digit of 24301?
3
What is the hundreds digit of 4676?
6
What is the thousands digit of 17997?
7
What is the units digit of 6126?
6
What is the units digit of 121?
1
What is the tens digit of 592?
9
What is the units digit of 3341?
1
What is the units digit of 8574?
4
What is the tens digit of 21563?
6
What is the units digit of 90?
0
What is the ten thousands digit of 11978?
1
What is the hundreds digit of 25760?
7
What is the units digit of 1554?
4
What is the units digit of 54701?
1
What is the thousands digit of 2268?
2
What is the hundreds digit of 1326?
3
What is the ten thousands digit of 21081?
2
What is the ten thousands digit of 17252?
1
What is the hundreds digit of 11088?
0
What is the thousands digit of 1180?
1
What is the tens digit of 1843?
4
What is the units digit of 63966?
6
What is the tens digit of 32570?
7
What is the tens digit of 15604?
0
What is the thousands digit of 1739?
1
What is the tens digit of 5347?
4
What is the tens digit of 3145?
4
What is the thousands digit of 3810?
3
What is the ten thousands digit of 63302?
6
What is the units digit of 22346?
6
What is the hundreds digit of 34893?
8
What is the hundreds digit of 414?
4
What is the hundreds digit of 1512?
5
What is the tens digit of 6245?
4
What is the thousands digit of 5168?
5
What is the hundreds digit of 5464?
4
What is the units digit of 2142?
2
What is the units digit of 21047?
7
What is the thousands digit of 2749?
2
What is the units digit of 857?
7
What is the units digit of 7852?
2
What is the tens digit of 25297?
9
What is the thousands digit of 5663?
5
What is the thousands digit of 51046?
1
What is the hundreds digit of 7280?
2
What is the tens digit of 3792?
9
What is the tens digit of 751?
5
What is the units digit of 7619?
9
What is the units digit of 1345?
5
What is the tens digit of 3386?
8
What is the units digit of 1271?
1
What is the tens digit of 46566?
6
What is the hundreds digit of 9515?
5
What is the tens digit of 995?
9
What is the hundreds digit of 8721?
7
What is the tens digit of 8998?
9
What is the units digit of 7082?
2
What is the units digit of 7444?
4
What is the thousands digit of 19094?
9
What is the units digit of 6187?
7
What is the units digit of 9?
9
What is the units digit of 8596?
6
What is the hundreds digit of 32223?
2
What is the tens digi